 = 21*q - 6. Give v(t).
-8
Let b be ((-187)/(-44))/(-17) - 146/(-8). Suppose 9*s + b*s = -81. Let d(f) = 3*f + 3. What is d(s)?
-6
Let p(t) = -10*t**2 - 1592 + 797 + 793 + 11*t**2 - t. Give p(-1).
0
Let q(k) = 511*k**2 + 25*k + 14. Let n(d) = 30*d**2 + 2*d + 1. Let i(z) = 17*n(z) - q(z). Suppose 0 = 5*o - 2*o - 21. What is i(o)?
17
Let j(l) = -l**2 - 138*l - 2831. Let q be j(-25). Let n(a) = -a**2 + 5*a + 57. Give n(q).
-9
Let p(g) = 42 - 5 - 34 - 10*g + 6*g. Calculate p(-25).
103
Let o(z) = -271*z**3 + 136*z**3 - 7*z**2 + 134*z**3 - 13*z - 13. Determine o(-4).
-9
Let d(s) = -s**2 - 24*s + 152. Let m be d(-21). Let k = m + -215. Let g(l) = -l + 1. Give g(k).
1
Let f(w) be the second derivative of -w**7/2520 - w**6/180 + w**5/120 - 143*w**4/12 - 71*w. Let c(y) be the third derivative of f(y). Calculate c(-3).
4
Let c(s) = 8 + 2*s**2 + 0 - 3 - s**2 - 3*s - 4. Suppose -2*d + 7 = -1. Determine c(d).
5
Let r(y) = -8*y + 9. Let w(n) = -4*n + 3. Let f = 701 - 696. Let z(c) = f*w(c) - 2*r(c). Let a(x) = -2*x - 6. Let l be a(-6). What is z(l)?
-27
Let k(t) = 4*t**2 + 2*t + 2. Let x = -2476 + 2474. Determine k(x).
14
Let a = 308 + -302. Suppose 0 = -5*q - 5 + 20. Let n(p) = q*p**3 - 2*p**2 - 2*p**3 - 4*p**2 + 3 + 0*p**3. Determine n(a).
3
Let n(m) = m**2 - 6*m + 6. Suppose -1 = 4*y - 29. Suppose 2*c - y - 3 = 0. Let a be n(c). Let t(p) = -13*p**2 + p. Determine t(a).
-12
Let r(w) = w + 19. Let s = -927 + 839. Let k = s - -71. Calculate r(k).
2
Let t = 232 + -228. Let w be 1*((-30)/t - (-1)/(-2)). Let h(v) = 2*v + 19. Calculate h(w).
3
Let n be 17 + -29 + 20/2 + 9. Let w(x) be the first derivative of x**4/4 - 8*x**3/3 + 7*x**2/2 - 5*x - 2. What is w(n)?
-5
Suppose -16*r = r - 68. Suppose r = x, -3*x - x + 9 = j. Let f(o) = o**3 + 6*o**2 - 10*o - 9. What is f(j)?
12
Let y(z) be the second derivative of z**4/4 + 4*z**3/3 - 5*z**2/2 + 25*z + 36. Determine y(-6).
55
Let r(t) be the first derivative of -t**3/3 + 5*t**2/2 + 2*t - 16. Let v(z) = -z**3 - 7*z**2 + 9*z + 12. Let j be 10/15*-6*2. Let f be v(j). Determine r(f).
6
Let k(q) be the third derivative of -7*q**5/15 - q**4/8 + q**3/3 - q**2 - 1112*q. What is k(1)?
-29
Let s = 403 - 401. Let x(k) = 0 + 36*k**s - 2 - 35*k**2 + 0. Determine x(-1).
-1
Let i(t) = -t. Let c be i(4). Let m be (-2 - (-10)/c)*2. Let g(s) be the second derivative of s**5/20 + 2*s**4/3 - 3*s**3/2 + 3*s**2/2 - 7490*s. What is g(m)?
3
Let x(s) be the first derivative of s**3/6 - 3*s**2/2 - 61*s + 66. Let k(v) be the first derivative of x(v). Calculate k(6).
3
Let d(t) = 24 + 519*t - t**2 - 1532*t + 508*t + 509*t. Calculate d(7).
3
Let z(p) = -2*p + 6. Let g = 223 + -221. Let a(r) = -r + 2. Let w(j) = g*z(j) - 5*a(j). What is w(5)?
7
Let g(a) be the second derivative of -a**5/20 - 17*a**4/12 - 7*a**3/3 + 19*a**2/2 - 191*a + 2. Determine g(-16).
-13
Let t(k) be the first derivative of -k**4/4 - 3*k**3 - 8*k**2 - 23*k + 2771. Determine t(-7).
-9
Suppose 0 = 7*u - 6*u + 2. Let l(y) = y**2 + 7*y + 8. Let m be l(-6). Let x(d) = 9*d**3 - 10*d**3 - 1 + 2*d**3 + 3*d**m + 0*d**2 + d. What is x(u)?
1
Suppose -8*a = 4*g - 4*a + 56, 2*a + 64 = -4*g. Let o be 8/g + (-400)/(-90). Let t(f) = -4*f + 5. Determine t(o).
-11
Let p(u) be the third derivative of 7/24*u**4 + 1/60*u**5 + 0 - 15*u**2 + 2*u + 2/3*u**3. Give p(-5).
-6
Suppose -4 = 2*u - g, 4*u - 5*g + 4*g + 8 = 0. Let i(l) = -6*l**2 + 1 - 31*l + 2*l**2 + 19*l + 11*l. Determine i(u).
-13
Let a = 3784 + -3780. Let j(n) be the first derivative of -12 + 9/4*n**a + 0*n**3 + n - n**2. Calculate j(1).
8
Suppose 5*a - 10*s + 54 = -13*s, 44 = -2*a + 2*s. Let p(x) = x**3 + 14*x**2 - 13*x + 33. Determine p(a).
3
Let j = -50 - -56. Suppose j - 9 = 3*q. Let c(l) be the second derivative of -l**4/6 - l**2/2 - 65*l. What is c(q)?
-3
Let m(l) be the second derivative of l**5/60 + 7*l**4/24 + l**3/2 + 9*l**2 - 3*l + 15. Let h(g) be the first derivative of m(g). Give h(-8).
11
Let b = 350 + -38. Let x = 304 - b. Let h(f) = f**3 + 7*f**2 - 8*f - 4. Give h(x).
-4
Let v(s) = s**3 - s**2 - 18*s - 69. Let p be v(6). Let r(u) be the first derivative of u**4/4 - u**3/3 + 3*u**2/2 - 2*u - 1. Determine r(p).
25
Suppose -629*d + 660*d + 124 = 0. Let k(v) = -2*v**3 - 4*v**2 + 4*v + 1. Determine k(d).
49
Let a(n) be the third derivative of -4*n**2 + 2*n + 0 - n**3 + 5/24*n**4 - 1/60*n**5. Calculate a(4).
-2
Let o(m) = -m + 1. Let v(k) be the first derivative of 29*k**2/2 - 3*k + 64. Let j(g) = 2*o(g) + v(g). Give j(-1).
-28
Let f(l) = 3*l**2 + 45*l - 63. Let k(i) = i**2 + 15*i - 22. Let p = 127 + -123. Let j(u) = p*f(u) - 11*k(u). Give j(-16).
6
Let a be (-3)/(18/(-39)) - (-5)/(-10). Let g(n) be the first derivative of -n**2/2 + 5*n - 5. Let q(o) = 3*o - 14. Let b(u) = -11*g(u) - 4*q(u). Calculate b(a).
-5
Let q(w) = -20*w - 1. Let x be ((-10)/30)/((-3)/54). Suppose 0*n = -6*n + x. Determine q(n).
-21
Let v(d) = d**2 - 5*d - 10. Suppose -53*k + 58*k + 725 = 0. Let q = -138 - k. What is v(q)?
4
Let w be (-139 + -2)/(5 + 26/(-4)). Let m(f) = 2*f - 111 + f + w. Calculate m(5).
-2
Let y(l) be the third derivative of -3*l**4/4 - 9*l**3/2 + 26*l**2 + 5*l - 1. Calculate y(-5).
63
Suppose 0*h - 6*h = -90. Let r = h + -1. Let k(z) = -15*z**2 + r*z**2 - 7*z - 3 + 2*z. What is k(-3)?
3
Let q(x) be the second derivative of x**4/3 + x**3/2 - 2*x**2 - 5*x + 26. Determine q(1).
3
Let o(i) be the second derivative of -i**6/360 - i**5/60 + 125*i**4/6 - 86*i. Let a(v) be the third derivative of o(v). Determine a(-2).
2
Let f(p) = -3*p. Let z(x) = 22*x - 1. Let n(w) = -21*f(w) - 3*z(w). Let r be 35*(-3 - (3 + -8)). Let g = 72 - r. What is n(g)?
-3
Let b(x) = -2*x**3 - 25*x**2 - 10*x + 8. Let d(g) = g**2 - 116*g + 951. Let j be d(9). Determine b(j).
-16
Let z(w) = 5*w - 44. Let q(c) = c**2 - 219*c + 1077. Let v be q(5). What is z(v)?
-9
Let y(w) = 7*w + w**2 + 14 - 34 + 5*w**2 + w**3 - 3*w + 16. Calculate y(-3).
11
Let l(p) be the first derivative of p**4/4 + 5*p**3/3 + 5*p**2/2 + 3*p - 1. Suppose 7*c = 4*q + 9*c + 34, 4*c + 16 = 5*q. Calculate l(q).
-1
Let y(o) = 3*o**3 - 16*o**2 + 11*o - 18. Suppose -414*m + 16*m + 92*m + 1530 = 0. Give y(m).
12
Let w(z) = -21*z - 2. Let t(k) = -62*k - 6. Let b(c) = 6*t(c) - 17*w(c). Let x(m) = 3*m**2 + 361*m + 475. Let l be x(-119). Give b(l).
13
Let o(d) be the third derivative of d**4/6 + 7*d**3 + 1049*d**2. Calculate o(-12).
-6
Let x(q) = 10*q - 294. Let p be x(29). Let t(s) = -7*s + 6. Let i(j) = 1. Let z(o) = 2*i(o) - t(o). What is z(p)?
-32
Suppose 0 = 78*g - 90*g + 96. Let j(f) = 7*f**3 + 3*f**2 + 3*f - 1. Let l(z) = -z**3 - 2*z**2 + z - 1. Let y(u) = j(u) + 6*l(u). Give y(g).
1
Suppose 2*y + 19 = 9, 5*y + 37 = -3*w. Let f(o) be the first derivative of 2*o**2 + 8*o - 39. Calculate f(w).
-8
Let n(c) = -7*c**3 + 2*c**2. Let g(i) = -6*i**3 + 12*i**2 - 8*i + 29. Let p(h) = -g(h) + n(h). Calculate p(-11).
4
Suppose -13*t + 18*t - 9 = z, -2*t - 5*z + 36 = 0. Let l(u) = -u**2 + 1. What is l(t)?
-8
Let r(v) = -v**2 - 5*v + 7. Let d(j) = 20*j + 44. Let c be d(-2). Suppose c*p + 19 = -5*u, 3 = p - 1. Calculate r(u).
-7
Suppose z + 2*z = -0*z. Suppose l = -2*n - 7, -3*n - 3*l = -z*l + 15. Let c(t) = 15*t + 3. Give c(n).
-27
Suppose -5*j + 6*j - 3*k = -2, 3*j - 2*k = 1. Let b(u) = -2*u**2 - 30*u + 26. Give b(j).
-6
Let n(k) = 2*k**3 + 30*k**2 + 31*k + 41. Suppose 0 = 7*j + 1608 - 3127 + 1617. Determine n(j).
-1
Let k(b) be the first derivative of -13*b**2 - 147 + 20*b + 2/3*b**3. What is k(12)?
-4
Let l(a) = 341 + 3 + 89*a - 701. Calculate l(4).
-1
Let q(s) = -s**2 - 2*s - 1. Suppose 2*d + 268 = 10*u - 8*u, -132 = -u + 3*d. Let m be (-2)/5 + (-351)/u. Calculate q(m).
-4
Let o = 13 + -8. Let j(k) be the third derivative of k**5/60 - 7*k**4/24 + 5*k**3/6 + 35026*k**2. Give j(o).
-5
Let i be 2*(7 + 0)*(-39)/(-78). Let q(l) = -9*l + 10. What is q(i)?
-53
Let u(m) = m**3 + 6*m**2 - 3*m + 3. Let n(o) = o**2 + 7*o + 6. Suppose -16*d - 1640 = 136. Let t = 107 + d. Let j be n(t). Determine u(j).
21
Let p(w) = -103*w - 304. Let f be p(-3). Let v(k) = 2*k - 15. Calculate v(f).
-5
Let i(t) = -t**2 - 9*t + 6. Let u = -61 - -72. Suppose -3*p + 72 = p. Let r = u - p. Give i(r).
20
Let v(r) = -3*r**3 - 175*r**2 - 229*r - 45. Let p be v(-57). Let x(y) = y**2 - 5*y - 85. What is x(p)?
-1
Let a(j) = j + 9. Let m(r) = -r**2 - r